{"id":29,"date":"2025-02-27T15:19:54","date_gmt":"2025-02-27T14:19:54","guid":{"rendered":"https:\/\/www.seyral-luthiers.com\/?page_id=29"},"modified":"2025-02-27T15:59:57","modified_gmt":"2025-02-27T14:59:57","slug":"accueil","status":"publish","type":"page","link":"https:\/\/www.seyral-luthiers.com\/","title":{"rendered":"accueil"},"content":{"rendered":"\n<p class=\"has-text-align-center\"><strong>Nous vous convions aux deux Salons pr\u00e9sent\u00e9s ci-dessous auxquels nous serons pr\u00e9sents avec une s\u00e9lection d&rsquo;instruments de notre fabrication r\u00e9cemment termin\u00e9s, Violon, Altos et Violoncelles.<\/strong><\/p>\n\n\n\n<p class=\"has-text-align-center\">Nous serons heureux de vous y recevoir sur notre stand pour parler lutherie et vous faire jouer et essayer nos derniers instruments.<\/p>\n\n\n<div class=\"wp-block-image\">\n<figure class=\"aligncenter size-large\"><img loading=\"lazy\" decoding=\"async\" width=\"724\" height=\"1024\" src=\"https:\/\/www.seyral-luthiers.com\/wp-content\/uploads\/2025\/02\/Affiche-officielle-Document-A4-724x1024.png\" alt=\"\" class=\"wp-image-30\" srcset=\"https:\/\/www.seyral-luthiers.com\/wp-content\/uploads\/2025\/02\/Affiche-officielle-Document-A4-724x1024.png 724w, https:\/\/www.seyral-luthiers.com\/wp-content\/uploads\/2025\/02\/Affiche-officielle-Document-A4-212x300.png 212w, https:\/\/www.seyral-luthiers.com\/wp-content\/uploads\/2025\/02\/Affiche-officielle-Document-A4-768x1086.png 768w, https:\/\/www.seyral-luthiers.com\/wp-content\/uploads\/2025\/02\/Affiche-officielle-Document-A4-1086x1536.png 1086w, https:\/\/www.seyral-luthiers.com\/wp-content\/uploads\/2025\/02\/Affiche-officielle-Document-A4-1448x2048.png 1448w, https:\/\/www.seyral-luthiers.com\/wp-content\/uploads\/2025\/02\/Affiche-officielle-Document-A4-1140x1612.png 1140w\" sizes=\"auto, (max-width: 724px) 100vw, 724px\" \/><\/figure>\n<\/div>\n\n<div class=\"wp-block-image\">\n<figure class=\"aligncenter size-large\"><img loading=\"lazy\" decoding=\"async\" width=\"819\" height=\"1024\" src=\"https:\/\/www.seyral-luthiers.com\/wp-content\/uploads\/2025\/02\/Salon-du_violon-10-insta-post-D-819x1024.jpg\" alt=\"\" class=\"wp-image-31\" srcset=\"https:\/\/www.seyral-luthiers.com\/wp-content\/uploads\/2025\/02\/Salon-du_violon-10-insta-post-D-819x1024.jpg 819w, https:\/\/www.seyral-luthiers.com\/wp-content\/uploads\/2025\/02\/Salon-du_violon-10-insta-post-D-240x300.jpg 240w, https:\/\/www.seyral-luthiers.com\/wp-content\/uploads\/2025\/02\/Salon-du_violon-10-insta-post-D-768x960.jpg 768w, https:\/\/www.seyral-luthiers.com\/wp-content\/uploads\/2025\/02\/Salon-du_violon-10-insta-post-D.jpg 1080w\" sizes=\"auto, (max-width: 819px) 100vw, 819px\" \/><\/figure>\n<\/div>\n\n<div class=\"wp-block-image\">\n<figure class=\"aligncenter\"><img loading=\"lazy\" decoding=\"async\" width=\"1024\" height=\"453\" src=\"https:\/\/www.seyral-luthiers.com\/wp-content\/uploads\/2025\/02\/site-en-travaux-2-1024x453-1.png\" alt=\"L\u2019attribut alt de cette image est vide, son nom de fichier est site-en-travaux-2-1024x453.png.\" class=\"wp-image-32\" srcset=\"https:\/\/www.seyral-luthiers.com\/wp-content\/uploads\/2025\/02\/site-en-travaux-2-1024x453-1.png 1024w, https:\/\/www.seyral-luthiers.com\/wp-content\/uploads\/2025\/02\/site-en-travaux-2-1024x453-1-300x133.png 300w, https:\/\/www.seyral-luthiers.com\/wp-content\/uploads\/2025\/02\/site-en-travaux-2-1024x453-1-768x340.png 768w\" sizes=\"auto, (max-width: 1024px) 100vw, 1024px\" \/><\/figure>\n<\/div>\n\n\n<p class=\"has-text-align-center\">Notre site est en reconstruction, il sera bient\u00f4t op\u00e9rationnel.<\/p>\n\n\n\n<p><\/p>\n","protected":false},"excerpt":{"rendered":"<p>Nous vous convions aux deux Salons pr\u00e9sent\u00e9s ci-dessous auxquels nous serons pr\u00e9sents avec une s\u00e9lection d&rsquo;instruments de notre fabrication r\u00e9cemment termin\u00e9s, Violon, Altos et Violoncelles. Nous serons heureux de vous y recevoir sur notre stand pour parler lutherie et vous faire jouer et essayer nos derniers instruments. Notre site est en reconstruction, il sera bient\u00f4t op\u00e9rationnel.<\/p>\n","protected":false},"author":1,"featured_media":0,"parent":0,"menu_order":0,"comment_status":"closed","ping_status":"closed","template":"","meta":{"footnotes":""},"class_list":["post-29","page","type-page","status-publish","hentry"],"acf":[],"_links":{"self":[{"href":"https:\/\/www.seyral-luthiers.com\/index.php?rest_route=\/wp\/v2\/pages\/29","targetHints":{"allow":["GET"]}}],"collection":[{"href":"https:\/\/www.seyral-luthiers.com\/index.php?rest_route=\/wp\/v2\/pages"}],"about":[{"href":"https:\/\/www.seyral-luthiers.com\/index.php?rest_route=\/wp\/v2\/types\/page"}],"author":[{"embeddable":true,"href":"https:\/\/www.seyral-luthiers.com\/index.php?rest_route=\/wp\/v2\/users\/1"}],"replies":[{"embeddable":true,"href":"https:\/\/www.seyral-luthiers.com\/index.php?rest_route=%2Fwp%2Fv2%2Fcomments&post=29"}],"version-history":[{"count":3,"href":"https:\/\/www.seyral-luthiers.com\/index.php?rest_route=\/wp\/v2\/pages\/29\/revisions"}],"predecessor-version":[{"id":36,"href":"https:\/\/www.seyral-luthiers.com\/index.php?rest_route=\/wp\/v2\/pages\/29\/revisions\/36"}],"wp:attachment":[{"href":"https:\/\/www.seyral-luthiers.com\/index.php?rest_route=%2Fwp%2Fv2%2Fmedia&parent=29"}],"curies":[{"name":"wp","href":"https:\/\/api.w.org\/{rel}","templated":true}]}}

<p class="has-text-align-center"><strong>Nous vous convions aux deux Salons présentés ci-dessous auxquels nous serons présents avec une sélection d&rsquo;instruments de notre fabrication récemment terminés, Violon, Altos et Violoncelles.</strong></p>



<p class="has-text-align-center">Nous serons heureux de vous y recevoir sur notre stand pour parler lutherie et vous faire jouer et essayer nos derniers instruments.</p>


<div class="wp-block-image">
<figure class="aligncenter size-large"><img loading="lazy" decoding="async" width="724" height="1024" src="https://www.seyral-luthiers.com/wp-content/uploads/2025/02/Affiche-officielle-Document-A4-724x1024.png" alt="" class="wp-image-30" srcset="https://www.seyral-luthiers.com/wp-content/uploads/2025/02/Affiche-officielle-Document-A4-724x1024.png 724w, https://www.seyral-luthiers.com/wp-content/uploads/2025/02/Affiche-officielle-Document-A4-212x300.png 212w, https://www.seyral-luthiers.com/wp-content/uploads/2025/02/Affiche-officielle-Document-A4-768x1086.png 768w, https://www.seyral-luthiers.com/wp-content/uploads/2025/02/Affiche-officielle-Document-A4-1086x1536.png 1086w, https://www.seyral-luthiers.com/wp-content/uploads/2025/02/Affiche-officielle-Document-A4-1448x2048.png 1448w, https://www.seyral-luthiers.com/wp-content/uploads/2025/02/Affiche-officielle-Document-A4-1140x1612.png 1140w" sizes="auto, (max-width: 724px) 100vw, 724px" /></figure>
</div>

<div class="wp-block-image">
<figure class="aligncenter size-large"><img loading="lazy" decoding="async" width="819" height="1024" src="https://www.seyral-luthiers.com/wp-content/uploads/2025/02/Salon-du_violon-10-insta-post-D-819x1024.jpg" alt="" class="wp-image-31" srcset="https://www.seyral-luthiers.com/wp-content/uploads/2025/02/Salon-du_violon-10-insta-post-D-819x1024.jpg 819w, https://www.seyral-luthiers.com/wp-content/uploads/2025/02/Salon-du_violon-10-insta-post-D-240x300.jpg 240w, https://www.seyral-luthiers.com/wp-content/uploads/2025/02/Salon-du_violon-10-insta-post-D-768x960.jpg 768w, https://www.seyral-luthiers.com/wp-content/uploads/2025/02/Salon-du_violon-10-insta-post-D.jpg 1080w" sizes="auto, (max-width: 819px) 100vw, 819px" /></figure>
</div>

<div class="wp-block-image">
<figure class="aligncenter"><img loading="lazy" decoding="async" width="1024" height="453" src="https://www.seyral-luthiers.com/wp-content/uploads/2025/02/site-en-travaux-2-1024x453-1.png" alt="L’attribut alt de cette image est vide, son nom de fichier est site-en-travaux-2-1024x453.png." class="wp-image-32" srcset="https://www.seyral-luthiers.com/wp-content/uploads/2025/02/site-en-travaux-2-1024x453-1.png 1024w, https://www.seyral-luthiers.com/wp-content/uploads/2025/02/site-en-travaux-2-1024x453-1-300x133.png 300w, https://www.seyral-luthiers.com/wp-content/uploads/2025/02/site-en-travaux-2-1024x453-1-768x340.png 768w" sizes="auto, (max-width: 1024px) 100vw, 1024px" /></figure>
</div>


<p class="has-text-align-center">Notre site est en reconstruction, il sera bientôt opérationnel.</p>



<p></p>

<p>Nous vous convions aux deux Salons présentés ci-dessous auxquels nous serons présents avec une sélection d&rsquo;instruments de notre fabrication récemment terminés, Violon, Altos et Violoncelles. Nous serons heureux de vous y recevoir sur notre stand pour parler lutherie et vous faire jouer et essayer nos derniers instruments. Notre site est en reconstruction, il sera bientôt opérationnel.</p>
